divided by 4221.
95
Calculate the remainder when 2870 is divided by 171.
134
Calculate the remainder when 10874 is divided by 357.
164
Calculate the remainder when 7153 is divided by 397.
7
What is the remainder when 5162 is divided by 5143?
19
What is the remainder when 69042 is divided by 74?
0
Calculate the remainder when 21148 is divided by 450.
448
Calculate the remainder when 22175 is divided by 516.
503
What is the remainder when 306267 is divided by 29?
27
Calculate the remainder when 13174 is divided by 12.
10
Calculate the remainder when 98493 is divided by 132.
21
What is the remainder when 21538 is divided by 4239?
343
Calculate the remainder when 18919 is divided by 6292.
43
What is the remainder when 2570 is divided by 217?
183
Calculate the remainder when 2446397 is divided by 22.
19
What is the remainder when 23574 is divided by 3634?
1770
What is the remainder when 601450 is divided by 610?
600
Calculate the remainder when 81475 is divided by 13577.
13
What is the remainder when 1105 is divided by 191?
150
What is the remainder when 88582 is divided by 137?
80
Calculate the remainder when 65789 is divided by 27.
17
What is the remainder when 3396 is divided by 339?
6
Calculate the remainder when 6180 is divided by 305.
80
What is the remainder when 140583 is divided by 17?
10
What is the remainder when 1129 is divided by 706?
423
Calculate the remainder when 936 is divided by 465.
6
What is the remainder when 17287 is divided by 1242?
1141
Calculate the remainder when 4269 is divided by 75.
69
Calculate the remainder when 54095 is divided by 48.
47
What is the remainder when 1784285 is divided by 833?
832
Calculate the remainder when 84636 is divided by 24.
12
What is the remainder when 58000 is divided by 21?
19
What is the remainder when 2740 is divided by 382?
66
What is the remainder when 94497 is divided by 30?
27
Calculate the remainder when 3897 is divided by 69.
33
What is the remainder when 5027 is divided by 168?
155
What is the remainder when 332450 is divided by 17?
15
Calculate the remainder when 706114 is divided by 19.
17
What is the remainder when 80 is divided by 75?
5
Calculate the remainder when 24440 is divided by 81.
59
What is the remainder when 990521 is divided by 153?
152
What is the remainder when 12003 is divided by 428?
19
What is the remainder when 37948 is divided by 6215?
658
What is the remainder when 88722 is divided by 26?
10
What is the remainder when 5227 is divided by 154?
145
Calculate the remainder when 4026 is divided by 574.
8
What is the remainder when 31386 is divided by 1034?
366
Calculate the remainder when 582565 is divided by 103.
100
What is the remainder when 107302 is divided by 7150?
52
What is the remainder when 17471 is divided by 2432?
447
What is the remainder when 6483 is divided by 134?
51
Calculate the remainder when 246896 is divided by 129.
119
Calculate the remainder when 15938 is divided by 83.
2
What is the remainder when 237723 is divided by 206?
205
Calculate the remainder when 847034 is divided by 80.
74
Calculate the remainder when 997 is divided by 22.
7
Calculate the remainder when 222818 is divided by 7427.
8
What is the remainder when 2234 is divided by 1110?
14
Calculate the remainder when 226658 is divided by 78.
68
What is the remainder when 122700 is divided by 472?
452
Calculate the remainder when 2459 is divided by 189.
2
What is the remainder when 40348 is divided by 464?
444
What is the remainder when 2183323 is divided by 1388?
1387
What is the remainder when 282722 is divided by 79?
60
What is the remainder when 2229 is divided by 1?
0
What is the remainder when 219059 is divided by 2381?
7
What is the remainder when 99101 is divided by 652?
649
What is the remainder when 368525 is divided by 86?
15
What is the remainder when 513507 is divided by 128373?
15
What is the remainder when 390928 is divided by 130307?
7
Calculate the remainder when 33655 is divided by 13.
11
Calculate the remainder when 51578 is divided by 27.
8
What is the remainder when 5033 is divided by 4720?
313
What is the remainder when 16230 is divided by 2704?
6
What is the remainder when 82478 is divided by 423?
416
Calculate the remainder when 199596 is divided by 12.
0
Calculate the remainder when 142139 is divided by 55.
19
What is the remainder when 811 is divided by 114?
13
What is the remainder when 2275 is divided by 611?
442
Calculate the remainder when 4110 is divided by 3479.
631
What is the remainder when 57165 is divided by 433?
9
Calculate the remainder when 790394 is divided by 26.
20
What is the remainder when 342673 is divided by 114220?
13
Calculate the remainder when 2346 is divided by 1161.
24
What is the remainder when 11472 is divided by 22?
10
What is the remainder when 1618 is divided by 478?
184
Calculate the remainder when 63172 is divided by 176.
164
What is the remainder when 2773224 is divided by 308?
300
Calculate the remainder when 149167 is divided by 35.
32
What is the remainder when 704 is divided by 84?
32
What is the remainder when 2014300 is divided by 16?
12
Calculate the remainder when 7285 is divided by 67.
49
What is the remainder when 174407 is divided by 1057?
2
Calculate the remainder when 13474 is divided by 4482.
28
Calculate the remainder when 306017 is divided by 27.
26
What is the remainder when 657384 is divided by 62?
60
What is the remainder when 552040 is divided by 276008?
24
What is the remainder when 7288 is divided by 1987?
1327
What is the remainder when 58195 is divided by 1763?
16
What is the remainder when 6928 is divided by 387?
349
What is the remainder when 73499 is divided by 105?
104
What is the remainder when 881 is divided by 1?
0
What is the remainder when 3651 is divided by 97?
62
Calculate the remainder when 36838 is divided by 281.
27
What is the remainder when 10485 is divided by 19?
16
Calculate the remainder when 176589 is divided by 46.
41
Calculate the remainder when 418963 is divided by 239.
235
Calculate the remainder when 217324 is divided by 108652.
20
Calculate the remainder when 873681 is divided by 18.
15
Calculate the remainder when 3304 is divided by 232.
56
Calculate the remainder when 485375 is divided by 192.
191
What is the remainder when 3667 is divided by 45?
22
What is the remainder when 33520 is divided by 42?
4
Calculate the remainder when 6900 is divided by 301.
278
What is the remainder when 586 is divided by 10?
6
What is the remainder when 51219 is divided by 1461?
84
What is the remainder when 3551182 is divided by 52?
50
Calculate the remainder when 133814 is divided by 44.
10
Calculate the remainder when 2288 is divided by 152.
8
Calculate the remainder when 1074622 is divided by 32.
30
Calculate the remainder when 250899 is divided by 62.
47
What is the remainder when 2510 is divided by 360?
350
What is the remainder when 5632 is divided by 58?
6
What is the remainder when 42748 is divided by 171?
169
Calculate the remainder when 4431 is divided by 1821.
789
What is the remainder when 45652 is divided by 408?
364
Calculate the remainder when 2417 is divided by 20.
17
Calculate the remainder when 32857 is divided by 1724.
101
Calculate the remainder when 114135 is divided by 44.
43
Calculate the remainder when 330613 is divided by 15.
13
Calculate the remainder when 261341 is divided by 26.
15
Calculate the remainder when 5575 is divided by 148.
99
What is the remainder when 240447 is divided by 10?
7
What is the remainder when 129865 is divided by 369?
346
Calculate the remainder when 154387 is divided by 31.
7
What is the remainder when 191333 is divided by 429?
428
Calculate the remainder when 8799775 is divided by 69.
67
What is the remainder when 1714 is divided by 41?
33
Calculate the remainder when 140920 is divided by 18.
16
What is the remainder when 4614 is divided by 295?
189
What is the remainder when 300791 is divided by 604?
603
What is the remainder when 64304 is divided by 15989?
348
What is the remainder when 10009 is divided by 9973?
36
Calculate the remainder when 59482 is divided by 151.
139
What is the remainder when 305757 is divided by 483?
18
What is the remainder when 28056 is divided by 14028?
0
What is the remainder when 333458 is divided by 253?